6892 + 311388 = 57*m + 37*m. What is the thousands digit of m?
0
Let r be (-315)/99 + 2/11 - -5. Let b be (9 - r) + 0 + 6/(-3). Suppose -b*z = -262 - 238. What is the units digit of z?
0
Let h(k) = -277*k + 1846. What is the hundreds digit of h(-4)?
9
Let d(y) = y - 1. Let b(c) = 2*c**2 - 9*c - 17. Let p be b(6). Let g(w) = w**2 - 5*w - 10. Let l(s) = p*g(s) + 2*d(s). What is the hundreds digit of l(-10)?
1
Let g(v) = -8*v - 107. Let w be g(-14). Suppose x - 3*d = w*x - 1931, 9 = -3*d. What is the hundreds digit of x?
4
Let i be (-10 - (1 + -4)) + 10. Suppose -4*z = -4*r + 2551 + 2413, i*r - 3691 = -5*z. What is the units digit of r?
7
Suppose -24 + 16 = -2*r. Suppose 5*l - l = -3*n + 957, -r*l - 303 = -n. Suppose 4*a = -3*o + n, 0*o - 342 = -3*o + 5*a. What is the hundreds digit of o?
1
Let m(t) = 6*t**2 + 54*t + 2. Let q be m(-9). Suppose 5*a = -3*o + 8*a + 3390, a = -q*o + 2275. What is the tens digit of o?
3
Let i(d) = -d**3 - 23*d**2 - 9*d - 19. Let n be i(-23). Let m = -99 + n. Let z = 18 + m. What is the units digit of z?
7
Let f = -1758 - -4149. What is the hundreds digit of f?
3
Suppose 0 = 10*v - 160741 - 59219. Suppose 46*l = 7*l + v. What is the tens digit of l?
6
Suppose 104*n - 103*n = 22. Suppose -26*a + n*a + 312 = 0. What is the units digit of a?
8
Let j be ((-36)/(-16))/(12/32). Suppose 0*q + 3*h - j = 3*q, -3*q + 2 = h. What is the units digit of (-2 - q)*(-15 + -4)?
8
Let w(r) = 56*r + 48. Let f be w(-18). Let m = -437 - f. What is the hundreds digit of m?
5
Let o(a) = -12*a + 131. Let c be -23 + ((-7)/(-1) - 3). What is the tens digit of o(c)?
5
Let c(o) = o**3 + 25*o**2 - 22*o - 281. What is the units digit of c(-25)?
9
Let t(w) = w**2 - w - 93. Let o be t(18). Suppose -207*k = -o*k + 1398. What is the units digit of k?
3
Let y(m) = m**2 - 7*m - 14. Suppose -11*x + 3*x + 72 = 0. Suppose 2*u = 5*g + 53, g - x = u - 2*u. What is the units digit of y(u)?
4
Let i be (91740/120)/(2/(-4)). Let s = i - -2366. What is the tens digit of s?
3
Let w(x) = 128*x**2 - 122*x + 30. What is the hundreds digit of w(-17)?
0
Let b be 5596/(-6)*(-2)/(24/270). What is the units digit of (-5)/(-3) - b/(-45)?
8
Let w(n) = -6*n + 9 + 11*n**2 + 11*n + 2*n + 3*n**2. Let h be w(-4). Let v = h - 138. What is the tens digit of v?
6
Let v(s) = -s**3 - 40*s**2 + 99*s + 413. What is the tens digit of v(-44)?
0
Let o be (-1 - -1)/((9 - 3)/(-3)). Suppose o*c = c + 2*d - 726, -3586 = -5*c + d. What is the tens digit of c?
1
Let g(w) = -w**2 + 21*w - 80. Let u be g(16). Suppose u = 5*a + s + 2*s - 838, a - 2*s - 178 = 0. What is the hundreds digit of a?
1
Let q = 9101 - 5624. What is the thousands digit of q?
3
Let j be (-5)/2*344/(-215). What is the units digit of (2745/(-10))/((-1)/j)?
8
Let c(n) = -n**3 - 2*n**2 - 4*n - 15. Let x be c(-3). Suppose u - 14 = -x*u. Suppose 463 - 125 = u*w. What is the hundreds digit of w?
1
Let i be (8/5 + -2)/(1/5). Let f be (60/(-35))/(i/7). Suppose f*v + 125 = 1349. What is the hundreds digit of v?
2
Suppose 0 = 10*x - 33 - 27. Suppose 25 = -f + x*f. Suppose f*o = s - 28, 5*s - 5*o = -3*o + 255. What is the units digit of s?
3
Suppose 0 = 5*h - m - 152042, -15813 = 3*h + 4*m - 107052. What is the thousands digit of h?
0
Suppose 5*a - 2*a = -2*g - 245, 0 = -4*a - 4. Let h = 246 + g. What is the tens digit of h?
2
Let g = 26 + -26. Suppose g = 2*q + 3*q - 110. What is the units digit of q/3*(-36)/(-24)?
1
Let c(b) = -52*b + 108. Let a be c(-21). Suppose 5*v - 18*j + 22*j - a = 0, -1215 = -5*v - j. What is the units digit of v?
4
Let d(z) = 1584*z**2 - 8*z - 45. What is the ten thousands digit of d(-3)?
1
Let m = -27 + 216. Suppose 11*f - 12*f + 328 = 3*f. Let q = m - f. What is the hundreds digit of q?
1
Let a(p) = -98 - 11*p + 11*p - 20*p - 20*p. What is the tens digit of a(-13)?
2
What is the tens digit of (-3530390)/(-680) - (-6)/(-8)?
9
Let w(h) be the second derivative of h**5/20 - 5*h**4/12 - 5*h**3/6 - 3*h**2/2 - 17*h. Let z be w(6). Suppose 6*f = z*f + 336. What is the units digit of f?
2
Let b(a) = 3*a + 39*a**2 - a - 11 + a - 3. Let w be b(-5). What is the units digit of w/14 + 21/49?
8
Let d = 8944 - -5279. What is the tens digit of d?
2
Let c(j) = j**2 - 12*j - 25. Let y = 8 + -6. Suppose y = -2*v, -v + 11 = -g - 5*v. What is the hundreds digit of c(g)?
1
Suppose 5*u - 402 = 83. Suppose 3*y + 2*w - u = 0, -3*y + 3*w + 145 = 43. What is the units digit of -3*(-8)/12*y/6?
1
Let t(j) = 8*j + 38. Let x be t(-8). Let n be x/143 - (-86)/(-11). Let g(d) = 4*d**2 + 6*d - 28. What is the tens digit of g(n)?
8
Suppose 0 = -6*y + 2511 + 3711. Suppose 0 = -10*d - 17 + y. Suppose -3*n + n + d = 0. What is the tens digit of n?
5
Let d(w) = 17*w**2 + 29*w + 25. What is the hundreds digit of d(-17)?
4
Let y = 10379 - -881. What is the thousands digit of y?
1
Let g(p) = 114*p**2 - 16*p + 17. Let o be g(1). Let s(c) = -c**2 + 5*c + 2. Let x be s(5). Suppose 8 = x*n + 2, 2*a = -5*n + o. What is the tens digit of a?
5
Let h(x) = 5*x**2 + 3*x + 4. Suppose 3 + 1 = 4*i, -2*i + 6 = -k. Let n be 10 + -5 - k/(6/(-3)). What is the units digit of h(n)?
8
Let z = 15 + -13. Let n(a) = 101*a**3 + a**2 + 2*a. What is the tens digit of n(z)?
1
Suppose -40 = -3*d - 2*d. Suppose -11*c = -12*c + 10. Suppose c + d = 2*a. What is the units digit of a?
9
Let c = 124 - 120. Suppose -5*u + 0*u + c*k = -2569, 4*k = 16. What is the tens digit of u?
1
Suppose 12*i = -639 + 16143. Suppose 2*v = -13*h + 12*h + i, 2*v = 5*h + 1292. What is the hundreds digit of v?
6
Suppose 0 = -3*w + o + 59, 2*o = 3*o - 1. What is the units digit of (11 - w)/(1/(-50))?
0
Let k = 1729 + -174. What is the units digit of k?
5
Let f = 9614 + -7710. What is the thousands digit of f?
1
Suppose 5*w - s - 7 - 25 = 0, 2*s + 8 = 2*w. Suppose w*z = 4*g + 4*z - 73, -g = z - 27. Let h(m) = 3*m + 24. What is the tens digit of h(g)?
9
Let c = 53209 - 21744. What is the tens digit of c?
6
What is the hundreds digit of 1/2 - (21639264/64)/(-53)?
3
Let t(p) = 77*p**2 + 4*p + 4. Suppose 0 = -a - 4*o - 6, o + 7 = 3*a - 6*a. Let f be t(a). Let h = -170 + f. What is the tens digit of h?
3
Let v = 291 + -271. What is the tens digit of v/(-140) - 2970/(-14)?
1
Let r(f) = -9*f + f**2 + 7 + 1 + 11*f - 10*f. Let c be r(9). Suppose 0 = -4*l + c + 267. What is the units digit of l?
1
Let c(h) = h. Let o(d) = -7*d - 15. Let y(j) = 5*c(j) + o(j). Let i be y(-9). Suppose -7*r + i*r = -48. What is the units digit of r?
2
Suppose 0 = 3*p + 2*p + 5*w - 100, 3*p - 3*w - 36 = 0. Suppose 21*k = p*k + 15. Suppose -k*a = -y + 24, 2*y + a - 2*a - 48 = 0. What is the tens digit of y?
2
Let s(l) = -4*l - 3. Let u be s(-3). Let k be (4 - u)*(2 - 5). Suppose -9*b - 1506 = -k*b. What is the units digit of b?
1
Let r(t) = -t**3 - 9*t**2 - 111 + 52 + 75 - 15*t. What is the tens digit of r(-7)?
2
Let o(r) = 3*r**2 - 7*r + 13. Let i be o(-14). Suppose -4*g - i = -2091. What is the units digit of g?
8
Let o(k) = k**2 - 7*k + 28. Let r(j) = j**2 - 6*j + 27. Let x(u) = 6*o(u) - 7*r(u). Let g be x(-5). What is the tens digit of 4715/g*(-1 + -1)?
0
Let d(g) = 88*g + 2298. What is the tens digit of d(0)?
9
Let b be -8*1/4*-2. Suppose 4*p = k - 24, 0 = -4*k - 0*p - 4*p - b. Suppose k*j = 0, 4*q - 3*j = -0*q + 268. What is the units digit of q?
7
Suppose -62*g + 15544 = -46456. What is the tens digit of g?
0
Let x(m) = 18*m + 77. Let b be x(-4). Suppose -4*d - b*o + 257 = -609, 4*d - 3*o = 850. What is the hundreds digit of d?
2
Let a be (-222)/(-5) - 6/105*7. Let s be a/7 - (-6)/(-21). What is the units digit of s/(-21) - 233/(-7)?
3
Let z be (1 - 12829) + 3 - -5. What is the units digit of 6/14 - z/140?
2
Let f(n) = n**3 + 7*n**2 + 5*n - 1. Let v be f(-6). Let k be (-5)/(v/2) - (-8)/4. Suppose 3*x = -k*x + 297. What is the units digit of x?
9
Suppose -2*m - 16 = -18*m. Let c be 0/m + (-286)/(-22). What is the tens digit of 18/(-1 + c/11)?
9
Let q(z) = -z**2 - 8*z + 111. Let m be q(-22). Let c = m - -457. What is the tens digit of c?
6
Let n(y) = y - 5. Let q be n(5). Suppose q = -3*c + 4*c - 371. Let z = c - 209. What is the units digit of z?
2
Let f = -30 + 32. Suppose -f*i - 326 = -1266. What is the hundreds digit of i?
4
Suppose 245349 - 12849 = 20*r - 364700. What is the units digit of r?
0
Let r(q) = q**2 - 29*q + 41. 